 n be k(-6). Is 15 a factor of (8/2 + -5)/(2/n)?
True
Suppose -p + 0*m - 12 = 4*m, 0 = 5*p - 3*m - 32. Suppose -p*k = 5*q, -5*q = -q + 5*k. Suppose 8*u - 10*u + 94 = q. Is u a multiple of 12?
False
Suppose 4*l = 775 - 315. Is l a multiple of 7?
False
Suppose 8*u + 62 - 22 = 0. Does 9 divide 88/3 - (10/(-6))/u?
False
Suppose -2*a = -8, 4*p + 0*a - 4*a + 12 = 0. Let l be 166 - p - (0 + -1). Suppose 3*m + 1 = l. Is 11 a factor of m?
True
Let t(k) = k**2 + 4*k - 19. Let s be t(-7). Let a(w) = w**2 + 2*w - 2. Is a(s) even?
True
Let u be (15/(-5) - 1)*1/1. Does 7 divide u/2*(1 + (-396)/8)?
False
Suppose 4*q - 2*p + 3 = -p, q + 3*p - 9 = 0. Suppose -3*t + 108 = g - 2, q = -5*g - 20. Is 19 a factor of t?
True
Let n(i) = 25*i**2 - i + 1. Let m be n(1). Let l = 19 - m. Does 3 divide ((-3)/l)/((-4)/(-120))?
True
Is 4/(-3) + (-60620)/(-105) a multiple of 32?
True
Let r(h) = -18 - 2*h + 0*h + h**2 - 5*h. Is 36 a factor of r(14)?
False
Let k = 35 - 37. Let h = 54 + k. Does 13 divide h?
True
Suppose 2*l = -209 + 2609. Is l a multiple of 25?
True
Let s(h) = h**3 + 32*h**2 + 58*h - 73. Does 12 divide s(-29)?
True
Let m be 1/(1/4 - 0). Let o(t) = -t**2 + 7*t + 3. Let d be o(7). Suppose -4*l + 96 = m*k, -d*k - 2 = 2*l - 54. Does 15 divide l?
False
Let h(d) = d**2 - 1. Let w(t) = -4*t**2 - t - 70. Let p(i) = -3*h(i) - w(i). Is 31 a factor of p(0)?
False
Let h(z) = -z**3 - 36*z**2 + 3*z - 17. Is h(-37) a multiple of 12?
False
Let q(l) be the third derivative of l**5/60 - l**4/12 + 7*l**3/6 - 2*l**2. Suppose -17 = -5*p + 13. Is 7 a factor of q(p)?
False
Let o(y) = 10*y + 6. Is 11 a factor of o(6)?
True
Suppose 1036 = 2*l - 5*y, 0 = 4*l - 13*y + 11*y - 2040. Is l a multiple of 12?
False
Let q = 65 + -21. Let v = q + 7. Is v a multiple of 8?
False
Let a(x) = 11*x**2 - 3*x + 2. Let s be a(-12). Suppose -97 = 5*u - s. Suppose u + 19 = 4*q. Is q a multiple of 21?
False
Suppose -2*v = -5*m, -2*m + 4*v = -6 + 22. Suppose -x + 0*i - 5*i = 0, x = -m*i + 6. Is 316/x + (-14)/(-35) a multiple of 10?
False
Let p be -1 + 12 + -4 + -4. Let i be 4 + (2 - 7) + 0. Is i*(-6 + p - 2) a multiple of 5?
True
Is 54 a factor of -3 - 9/(-2) - (-8030)/44?
False
Suppose -8 = -2*l - 2*q, 3*q + q = 5*l - 2. Suppose 90 = l*i - 34. Is i a multiple of 31?
True
Let p(t) = -11*t - 10. Let v(n) = -16*n - 15. Let c(y) = -y**2 + 10*y + 17. Let g be c(12). Let m(j) = g*p(j) + 5*v(j). Is 25 a factor of m(-14)?
False
Is 28 a factor of (12018 + -10)/4 + 11?
False
Suppose 5*g - 1568 = -f + 10*g, -4*g = -2*f + 3160. Is 11 a factor of f?
False
Let k be (-21)/(-3)*(-90)/(-35). Suppose -y = -0*y - k. Does 9 divide y?
True
Let t(d) = 2*d**2 + 28. Let z(i) = i**2 - 9*i. Let j be z(9). Is 7 a factor of t(j)?
True
Let r(p) be the first derivative of p**4/4 - 5*p**3/3 - 5*p**2/2 - 6*p - 7. Let f be r(6). Suppose -5*b + z + f + 95 = 0, 0 = 3*z + 15. Is 6 a factor of b?
True
Let d(x) be the first derivative of -x**2/2 + 8*x - 1. Let p = 101 + -109. Is d(p) a multiple of 4?
True
Suppose -5*g + 5*a + 280 = 0, 5*g = -3*a - a + 235. Is g a multiple of 5?
False
Suppose -32*x = -0*x - 4704. Does 7 divide x?
True
Let y(f) = 2*f + 29. Let j be y(-12). Suppose -5*d = j*x - 260, -5*d + 71 = 2*x - 36. Is 9 a factor of x?
False
Suppose 6*r + 3*c = 5*r + 5, 5*r + 2*c - 12 = 0. Is 19 a factor of ((-186)/(-18))/(r/6)?
False
Let t be -29 - (-4 + 6 + -1). Let c = -5 - t. Is c a multiple of 4?
False
Let k(f) = -44*f. Let z = -13 - -9. Let n be k(z). Suppose -n = -4*j + 76. Does 24 divide j?
False
Let d be (-1 - 0) + (2 - 2). Let v be 1*9/(-3)*d. Suppose -v*l + 134 = 20. Is 19 a factor of l?
True
Suppose 5*n = 3*j - 2417, -3*j - 457 = 3*n - 2914. Is j a multiple of 22?
True
Let c = -15 + 19. Let o = 61 + c. Is 29 a factor of o?
False
Suppose 3*a + o + 203 = 0, a - 3*a - 118 = 5*o. Let y = a - -121. Does 40 divide y?
False
Suppose -5 = 4*g + 11. Let o(m) = m**3 + 2*m**2 + m + 1. Let u be o(-3). Let j = g - u. Is j a multiple of 7?
True
Let h(l) = 11*l**2 + 33*l. Is h(-8) a multiple of 22?
True
Let t = -40 - -71. Let g = t - 4. Is g a multiple of 14?
False
Suppose -3*i - 6*i = -3*i. Suppose i = -4*v - 4*f + 540, 3*v = f - 2*f + 399. Does 22 divide v?
True
Let q = 183 - 82. Let o = -3 - -26. Suppose 4*v - q = -2*i + 41, -2*i - o = -v. Is 9 a factor of v?
False
Let d(l) = -5*l**2 - 5*l + 23. Let a(s) = -2*s**2 - 2*s + 8. Let w(g) = 8*a(g) - 3*d(g). Let y be w(0). Let q = 20 - y. Is 17 a factor of q?
False
Let k(f) = f**2 + f + 15. Let s be k(0). Suppose 5*w - 10 = s. Suppose 0 = 3*l + 3*m - 105, l + l - w*m = 63. Does 19 divide l?
False
Let a be (-3 - (2 + -34)) + -1. Suppose 2*r - a = -2*y, y - 2*r = -0*r + 23. Is 14 a factor of y?
False
Let n = 283 - -130. Does 43 divide n?
False
Let m = -9 - -12. Suppose 3*s + q - 115 = m*q, -s - q = -40. Does 3 divide s?
True
Suppose 0 = -4*i + 12, 4*u + 4*i = 3*u - 58. Let x = u - -102. Does 32 divide x?
True
Let r(n) = 2*n**2 + 4*n - 20. Let g be r(-13). Suppose 4*b - g = -t, -3*t + 7*t = 5*b + 1106. Suppose 24 - t = -5*i. Is i a multiple of 10?
True
Let f = 19 + -24. Is 5 a factor of (-312)/(-20) + (-2)/f?
False
Let c(z) = z**3 - 2*z**2 + 6*z - 4. Let q be c(-3). Let t = 164 + q. Does 16 divide t?
False
Suppose 1448 = 7*n + 174. Does 13 divide n?
True
Let j be 4/(-7) + (-295)/35. Let s be j/(-5) + (-24)/(-120). Suppose -3*z - 225 = -3*w, w - s*z - 80 = -0*z. Is 14 a factor of w?
True
Let z(n) = 3582*n**2 + 108*n - 109. Does 18 divide z(1)?
False
Suppose -58*j = -51*j - 8148. Is 59 a factor of j?
False
Let h(g) = g**3 - 25*g**2 + 33*g - 46. Does 17 divide h(24)?
True
Suppose 0 = 56*w - 67*w + 4928. Is 14 a factor of w?
True
Let h(c) = 6*c**2 - 32*c + 85. Does 7 divide h(8)?
False
Let u(s) = 3*s**3 - 4*s**2 - s - 1. Let k be u(-3). Let r = 175 + k. Suppose -4*c = -0 - r. Does 12 divide c?
False
Let y be ((-6)/(-4))/(6/184). Suppose k = -4*l + 3, -k + 4*l = -3*k - 2. Let n = y - k. Is 17 a factor of n?
True
Suppose 2*r + 4*x - 91 = 105, r + 3*x = 98. Suppose -3*n - 2*l = 80, -3*l = 3*n - 8*l + 73. Let s = n + r. Is 18 a factor of s?
True
Suppose 3*j - 140 = -2*j - 5*t, -5*t = -j + 22. Does 36 divide (-1)/3 + 5841/j?
True
Suppose -4*p = 3*n + 192 - 705, 0 = 5*p + 4*n - 640. Is p a multiple of 22?
True
Let v(s) be the first derivative of 23/3*s**3 + s**2 - 2*s + 3. Is 6 a factor of v(1)?
False
Let k(g) = -g**2 - g + 1. Let v(z) = z**3 - 12*z**2 - 5*z - 5. Let n(r) = -5*k(r) + v(r). Is 19 a factor of n(8)?
False
Suppose -5*u = -4*x - 1431, -u = 4*x - 165 - 126. Does 7 divide u?
True
Let f(x) be the first derivative of -x**2/2 - 12*x - 4. Let b be f(-17). Let y(l) = l + 5. Does 3 divide y(b)?
False
Let z = -79 - -113. Suppose 9*h - 105 = 5*s + 7*h, 3*s - 3*h + 72 = 0. Let j = z + s. Is j a multiple of 15?
True
Let u = 4 + -9. Let s = -3 - u. Suppose 2*t - 1 - 34 = -5*k, -s*k + 2*t = -28. Is 6 a factor of k?
False
Let c(v) = v**2 - 17*v + 10. Let m be c(5). Is 20 a factor of (4 - (5 - -3))*(0 + m)?
True
Let s = 11 - 45. Let w = s + 42. Does 4 divide w?
True
Let l = -17 - -17. Suppose l*i = -2*i + 72. Is 7 a factor of i?
False
Suppose 2601*t - 2612*t + 957 = 0. Is t a multiple of 29?
True
Suppose -4 = 4*m, 0*a + 341 = 5*a + 4*m. Is a a multiple of 5?
False
Let u(l) = l + 11. Let a be u(-5). Suppose 0 = 2*s - 32*s + 15120. Suppose a*o - s = -o. Is o a multiple of 24?
True
Let m = 2981 + -1361. Is 45 a factor of m?
True
Let y(k) = 2*k**2 - 8*k + 1. Let z be y(4). Suppose z + 5 = -3*r. Is 9 a factor of (-1 - -2) + 19 + r?
True
Let d(c) be the first derivative of c**4/4 + 7*c**3/3 + 3*c**2 + 4*c - 4. Let p be 80/(-15) - 2/3. Does 3 divide d(p)?
False
Suppose -3 = 2*c - 9. Suppose 4*n - 79 = c*m + 251, -4*m = n - 92. Is 28 a factor of n?
True
Suppose -4*j + 13 + 7 = 0. Let k be (-1)/j*(-21 - -11). Suppose 4*l + k*h = -3*h + 164, -5*h + 56 = l. Is l a multiple of 12?
True
Suppose -6 - 63 = -x + 3*w, x - 5*w - 61 = 0. Is 1602/x - (-4)/18 a multiple of 4?
True
Let f = -5 + 7. Suppose -f*v - 60 = 160. Is 8 a factor of v*5/((-100)/8)?
False
Let h = 36 + -82. Let k = 148 + h. Is 37 a factor of k?
False
Suppose 6*h + h = 63. Suppose -10*u = -h*u - 51. Is 16 a factor of u?
False
Let x(c) = -c**2 - 3*c. Let m be x(-4). Let j be 17/1 - 0/m. Let y = 34 - j. Is 4 a factor of y?
False
Let h(f) = 60*f**2 - 11*f**2 - 21*f**